t?
2, 3
Suppose -5*c + 2 = -3. List the prime factors of (-4)/(c*-4 - -2).
2
Let n(s) be the third derivative of s**2 + 0 + 1/24*s**4 + 0*s + 0*s**3. List the prime factors of n(5).
5
Let w be (-2)/(-8) - 15/12. What are the prime factors of (-4)/2*(w - 3)?
2
Let n = -1 - -3. List the prime factors of n*1 - (4 - 4).
2
What are the prime factors of (6/4)/((-41592)/4624 - -9)?
17
Let h(b) = b**2 - 5*b - 2. Let l be h(6). Suppose 2*z = -3*m - 40 + 15, 4*m + z + 40 = 0. List the prime factors of (-9)/(m/l + 2).
2, 3
Suppose -2*z - 3 = 7. Let s(n) = -n - 13. Let v be s(0). Let h = z - v. What are the prime factors of h?
2
Let x = -13 + 18. Suppose -w = 3*v + w + 9, x*v - 1 = 2*w. Let i = 5 - v. What are the prime factors of i?
2, 3
Let a = -7 - -59. Suppose -136 + a = -4*n. List the prime factors of n.
3, 7
Let x be (-1*2)/(4/(-8)). What are the prime factors of 1*x*(-39)/(-6)?
2, 13
Let w be 4740/70 + 2/7. Suppose -w = -2*x - 0*x - 4*k, -12 = -4*k. What are the prime factors of x?
2, 7
Let t be -1 - 0 - (-20)/4. Suppose 5*d = t*d + 7. Let j = d + -5. What are the prime factors of j?
2
Let a = 10 + -6. Suppose 0*m + a*m = 8. Suppose -13 = -5*r + m. What are the prime factors of r?
3
Let m(j) = -j**3 - 3*j**2 + 4*j + 2. Let t = 4 + 2. Suppose 3*u = -6 - t. List the prime factors of m(u).
2
Suppose -23 = d - 84. List the prime factors of d.
61
Let m(w) = -w**2 + 5*w + 3. Let i be m(5). Suppose i*t = 152 - 59. Let j = t + -15. List the prime factors of j.
2
List the prime factors of (5 - 51)/((-1)/2).
2, 23
Suppose 0 = 4*x, -4*x - 25 = -u + 31. List the prime factors of u.
2, 7
Let q(i) = -30*i**3 - 3*i**2. List the prime factors of q(-2).
2, 3, 19
Suppose -2*k - 2*f - f = -5, 5*k - 23 = -4*f. List the prime factors of k.
7
Suppose 0 = 10*g + 2*g. Let u = 2 + -5. Let d = g - u. List the prime factors of d.
3
Let p be (-92)/(-10) + 4/(-20). Suppose -p = 2*g - 43. List the prime factors of g.
17
Let a = 34 + 1. List the prime factors of a.
5, 7
Let t = -12 + 55. List the prime factors of t.
43
Let k = 39 + -28. List the prime factors of k.
11
Suppose -7 - 10 = -5*f - 3*g, 18 = 5*f + 2*g. Suppose -2*i + 25 = 3*i, -3*i = -f*p + 13. List the prime factors of p.
7
Let r(t) = -t**3 + 3*t**2 + 4*t. Suppose -3*k - 2*k + 15 = 0. Let i be r(k). Suppose -4*o = -0*o - i. List the prime factors of o.
3
Suppose -4*z - 5 = z. Let v(p) = -40*p. List the prime factors of v(z).
2, 5
Let f = 4 + -2. Suppose -3*l = f*l - 10. What are the prime factors of l?
2
Suppose 2592 = 3*r + 6*r. What are the prime factors of r?
2, 3
Suppose g - 5 = 5. Suppose -s + g = -1. Suppose -q + 27 - s = 0. List the prime factors of q.
2
Let p(m) = -m**3 - m**2 + 4*m. What are the prime factors of p(-3)?
2, 3
Suppose k - 1465 = -5*g, 519 = -3*g - k + 1400. List the prime factors of g.
2, 73
Let t be (5 + 1)/3 - -5. Suppose 3*g = 2*f + t*g - 28, -f - 4*g + 8 = 0. Suppose -r + 5*r = f. List the prime factors of r.
5
Let j = -2 + 1. What are the prime factors of (-9)/j - (6 + -5)?
2
Suppose -5*v = -3*s + 215, s - 4*s - 5*v + 175 = 0. Suppose 0 = 3*f - s - 10. What are the prime factors of f?
5
Let r be ((-6)/2)/(6/(-4)). Suppose 0*j = w - r*j, w + 21 = -5*j. Let k(n) = n**3 + 6*n**2 + 8. List the prime factors of k(w).
2
Suppose 0 = 3*j + 2*j - 15. Let b(f) = -f**3 + 3*f**2 + 5*f - 2. List the prime factors of b(j).
13
Suppose 15 = -4*r - 4*w - 33, -4*r - 40 = 2*w. Let u = -4 - r. List the prime factors of (-54)/u*(-2)/3.
3
Let p(s) = -14*s**3 + s**2 - s - 1. Let m be p(-1). List the prime factors of m*(0 + (-3)/(-5)).
3
Suppose 3*z - 14 - 46 = 0. Let y = -9 + z. What are the prime factors of y?
11
Let y = -36 - -158. What are the prime factors of y?
2, 61
Let a = 15 - 6. List the prime factors of a.
3
Let w(f) = -4*f - 24. What are the prime factors of w(-17)?
2, 11
Suppose -4*u + 2 + 18 = 0. Suppose 0 = -q - a - 4*a - 17, -5*a = u*q - 15. What are the prime factors of (-3)/(-12) + 86/q?
11
Suppose -8*q - q + 801 = 0. List the prime factors of q.
89
Suppose 0 = 2*v + 7*c - 3*c + 20, 42 = -3*v - 2*c. Suppose -2*q = 0, -j = 2*q - 4*q + 7. Let z = j - v. List the prime factors of z.
3
Suppose 48 + 97 = -5*w. Let a = -18 - w. List the prime factors of a.
11
Suppose -156 = -0*d - 3*d - 3*v, -3*v = 9. What are the prime factors of d?
5, 11
Let k(b) = 2*b**2 + 6*b - 5. Suppose -2*v + 5 = -3*y, 4*v + 35 = v - 4*y. What are the prime factors of k(v)?
3, 5
Suppose 0 = q - 4*o - 17, -2*o - 3*o - 25 = -2*q. Suppose -q*z - 15 = -5*w, -5 = w + 2*w + 4*z. List the prime factors of 0 + 1 - -6*w.
7
Suppose 581 = 10*x - 69. What are the prime factors of x?
5, 13
Let u(i) = -i + 2. Let c be u(0). Let b(z) = -2*z + 5. Let v be b(4). What are the prime factors of (-12 + -3)/(c + v)?
3, 5
Let s(f) = f + 12. Let r(i) be the second derivative of i**5/20 + i**4/6 + 2*i**2 + 2*i. Let o be r(-3). List the prime factors of s(o).
7
Let j = 38 - 21. What are the prime factors of 6*10 + -21 + j?
2, 7
Let o(p) be the first derivative of -p**4/4 + 5*p**3/3 + 3*p**2/2 - p - 1. What are the prime factors of o(5)?
2, 7
Suppose -u + 168 = -4*f, 5*u = f - 2*f + 819. What are the prime factors of u?
2, 41
Suppose 4*l - 334 = -5*n + 64, -3*l + 6 = 0. List the prime factors of n.
2, 3, 13
Suppose -x = d - 75, -3*d - 2*x = -0*d - 228. Let v = d - 56. List the prime factors of v.
2, 11
Let u = -101 + 46. Let g = -30 - u. List the prime factors of g.
5
Let a = 91 - -165. What are the prime factors of a?
2
Let u be (-4)/(((-8)/(-6))/(-2)). Let k(b) = b**2 - 3*b - 5. List the prime factors of k(u).
13
Suppose 4*n - 436 = -4*s, -s - 4*s + 3*n + 537 = 0. List the prime factors of s.
2, 3
Let m(n) = n**2 + 11*n + 3. Let b be m(-11). Let r = b - -7. List the prime factors of r.
2, 5
Suppose -5*m - 4*h + 323 = 0, -4*m + m = -3*h - 183. What are the prime factors of m?
3, 7
Suppose 0*l - l + 6 = 0. Let g = -1 + l. Suppose 4 = g*f - 11. List the prime factors of f.
3
Suppose -5*m + 2*i + 148 = -m, -2*m + 2*i = -70. List the prime factors of m.
3, 13
Suppose -3*i + 13 = -f + i, 0 = -4*f + 4*i - 16. Let y be -10*f/(-2)*3. List the prime factors of (16/10)/((-3)/y).
2
Let i(a) be the third derivative of a**6/60 - a**5/15 + a**4/12 + a**3/3 + a**2. List the prime factors of i(2).
2, 3
Suppose 0 = -0*v - 5*v - 2*y + 1821, 2*v - 720 = 2*y. List the prime factors of v.
3, 11
List the prime factors of 8 + -10 + 1*170.
2, 3, 7
Let q(p) = -p + 6. Suppose 2*x = 1 + 17. Let j be q(x). List the prime factors of 6/4*(-16)/j.
2
Suppose -2*z - 51 = -5*q, -2*q + 11 = 2*z - 15. List the prime factors of q.
11
Let g(m) be the first derivative of -m**3/2 + m**2/2 + 2*m + 3. Let l(j) be the first derivative of g(j). What are the prime factors of l(-2)?
7
List the prime factors of (-2)/5 + (-92)/(-5).
2, 3
Suppose 0 = -n + 3*n - 4. Suppose -n*x + 552 = -6*x. List the prime factors of x/(-10) + 1/5.
2, 7
Let n(z) = 8*z - 3. Let q be (-6)/(-3 - (3 - 4)). List the prime factors of n(q).
3, 7
Let m = 1 - -40. What are the prime factors of m?
41
Suppose 0 = 2*w + w - 9. What are the prime factors of (w/2)/((-6)/(-8))?
2
Let m(z) = -72*z + 10. List the prime factors of m(-1).
2, 41
Let r(s) = -s**3 + 7*s**2 - 5*s - 5. List the prime factors of r(5).
2, 5
Let x = 2 - -1. Let b = 3 - x. Suppose -2*v = -4*j - 6, 4*v - 12 = -b*v - 2*j. List the prime factors of v.
3
Let y = -111 - -201. What are the prime factors of y?
2, 3, 5
Suppose -2*o + 0*o - 750 = -4*i, -2*o - 562 = -3*i. List the prime factors of i.
2, 47
Let m = -25 - -52. List the prime factors of m.
3
Suppose 0 = 2*l, 2*r = 4*l - 58 + 242. What are the prime factors of r?
2, 23
Let o(n) = -n**3 - n**2 - 2*n + 176. What are the prime factors of o(0)?
2, 11
Let j be (-4)/(-18) - 115/(-9). Let h = 33 - j. What are the prime factors of h?
2, 5
Suppose 2*x = 6*x - 3*h - 488, -2*h + 508 = 4*x. What are the prime factors of x?
5
List the prime factors of (-12)/(-9)*30/4.
2, 5
Let p = 19 - 11. Let r(s) = s - 6 + 8 + 4 + p. List the prime factors of r(0).
2, 7
Suppose -q + 2 + 8 = 0. Suppose -w = -4*u + q, 2*w = -4*u + 17 - 1. What are the prime factors of w?
2
Suppose w + 0 = 2. Let n(r) = 26*r - 1. List the prime factors of n(w).
3, 17
Let i(c) = c**3 - 4*c**2 + 2*c - 1. Let t be i(2). Let n(a) = -2*a. List the prime fac